{"id":7,"date":"2022-09-01T00:32:17","date_gmt":"2022-09-01T00:32:17","guid":{"rendered":"http:\/\/casadeloscaracoles.com\/?page_id=7"},"modified":"2024-11-21T22:31:59","modified_gmt":"2024-11-21T22:31:59","slug":"loft","status":"publish","type":"page","link":"https:\/\/casadeloscaracoles.com\/index.php\/loft\/","title":{"rendered":"Loft"},"content":{"rendered":"\t\t<div data-elementor-type=\"wp-page\" data-elementor-id=\"7\" class=\"elementor elementor-7\">\n\t\t\t\t\t\t<section class=\"elementor-section elementor-top-section elementor-element elementor-element-62373acc elementor-section-boxed elementor-section-height-default elementor-section-height-default\" data-id=\"62373acc\" data-element_type=\"section\">\n\t\t\t\t\t\t<div class=\"elementor-container elementor-column-gap-default\">\n\t\t\t\t\t<div class=\"elementor-column elementor-col-100 elementor-top-column elementor-element elementor-element-2f4a1f87\" data-id=\"2f4a1f87\" data-element_type=\"column\">\n\t\t\t<div class=\"elementor-widget-wrap elementor-element-populated\">\n\t\t\t\t\t\t<div class=\"elementor-element elementor-element-5a093b41 elementor-widget elementor-widget-text-editor\" data-id=\"5a093b41\" data-element_type=\"widget\" data-widget_type=\"text-editor.default\">\n\t\t\t\t<div class=\"elementor-widget-container\">\n\t\t\t\t\t\t\t\t\t\n<p>Es un lugar muy agradable y confortable.<\/p>\n\n\n\n<div class=\"wp-block-columns alignwide is-layout-flex wp-container-core-columns-is-layout-2 wp-block-columns-is-layout-flex\">\n<div class=\"wp-block-column is-layout-flow wp-block-column-is-layout-flow\">\n<figure class=\"wp-block-image size-large\"><img fetchpriority=\"high\" decoding=\"async\" width=\"1024\" height=\"576\" src=\"https:\/\/casadeloscaracoles.com\/wp-content\/uploads\/2022\/09\/Loft-1024x576.jpg\" alt=\"\" class=\"wp-image-76\" srcset=\"https:\/\/casadeloscaracoles.com\/wp-content\/uploads\/2022\/09\/Loft-1024x576.jpg 1024w, https:\/\/casadeloscaracoles.com\/wp-content\/uploads\/2022\/09\/Loft-300x169.jpg 300w, https:\/\/casadeloscaracoles.com\/wp-content\/uploads\/2022\/09\/Loft-768x432.jpg 768w, https:\/\/casadeloscaracoles.com\/wp-content\/uploads\/2022\/09\/Loft-1536x864.jpg 1536w, https:\/\/casadeloscaracoles.com\/wp-content\/uploads\/2022\/09\/Loft.jpg 1920w\" sizes=\"(max-width: 1024px) 100vw, 1024px\" \/><\/figure>\n\n\n\n<p class=\"has-black-color has-text-color has-medium-font-size\"><a href=\"#\">Loft<\/a><\/p>\n\n\n\n<p>Precioso estudio perfectamente ubicado, cerca de todo.<br><br>La playa se encuentra a solo 3 minutos caminando, del acuario a 5 minutos caminando. del parque central, cerca de restaurantes, centros comerciales, bancos. El centro hist\u00f3rico y la zona dorada est\u00e1n a 10 minutos en carro (30 minutos caminando).<br><br>En la esquina de la casa pasan camiones al centro de la ciudad, a 2 cuadras pasan camiones a cualquier lugar de nuestro puerto.<br><br>Encontrar\u00e1s un sitio de taxis cruzando la calle.<br>Ocultar<\/p>\n\n\n\n<h3 class=\"wp-block-heading\">El alojamiento<\/h3>\n\n\n\n<p>El estudio es un lugar muy confortable, muy bien equipado y con aire acondicionado.<\/p>\n\n\n\n<p>Se encuentra en muy buen estado.<\/p>\n<\/div>\n\n\n\n<div class=\"wp-block-column is-layout-flow wp-block-column-is-layout-flow\">\n<figure class=\"wp-block-image size-large\"><img decoding=\"async\" width=\"1024\" height=\"576\" src=\"https:\/\/casadeloscaracoles.com\/wp-content\/uploads\/2022\/09\/Amenidades-1024x576.jpg\" alt=\"\" class=\"wp-image-75\" srcset=\"https:\/\/casadeloscaracoles.com\/wp-content\/uploads\/2022\/09\/Amenidades-1024x576.jpg 1024w, https:\/\/casadeloscaracoles.com\/wp-content\/uploads\/2022\/09\/Amenidades-300x169.jpg 300w, https:\/\/casadeloscaracoles.com\/wp-content\/uploads\/2022\/09\/Amenidades-768x432.jpg 768w, https:\/\/casadeloscaracoles.com\/wp-content\/uploads\/2022\/09\/Amenidades-1536x864.jpg 1536w, https:\/\/casadeloscaracoles.com\/wp-content\/uploads\/2022\/09\/Amenidades.jpg 1920w\" sizes=\"(max-width: 1024px) 100vw, 1024px\" \/><\/figure>\n\n\n\n<p class=\"has-black-color has-text-color has-medium-font-size\"><a href=\"#\">Amenidades<\/a><\/p>\n\n\n\n<div class=\"wp-block-group is-layout-flow wp-block-group-is-layout-flow\">\n<div class=\"wp-block-group is-layout-flow wp-block-group-is-layout-flow\">\n<p>El loft esta equipado con:<\/p>\n\n\n\n<div class=\"wp-block-group is-vertical is-layout-flex wp-container-core-group-is-layout-5 wp-block-group-is-layout-flex\">\n<p>Aire acondicionado<\/p>\n\n\n\n<p>Cocina  integral<\/p>\n\n\n\n<p>Refrigerador<\/p>\n\n\n\n<p>Horno de micro ondas<\/p>\n\n\n\n<p>Cafetera<\/p>\n\n\n\n<p>Vajilla y enseres de cocina<\/p>\n\n\n\n<p>Sala<\/p>\n\n\n\n<p>Comedor<\/p>\n\n\n\n<p>2 camas individuales<\/p>\n\n\n\n<p>1 cama matrimonial<\/p>\n\n\n\n<p>Closet<\/p>\n\n\n\n<p>Ba\u00f1o completo<\/p>\n\n\n\n<p>Juegos de mesa<\/p>\n\n\n\n<p>Televisot<\/p>\n\n\n\n<p>Netflix<\/p>\n\n\n\n<p>Youtube<\/p>\n\n\n\n<p>Plancha y burro (pedirlos)<\/p>\n\n\n\n<p>Secadora de pelo (pedirla)<\/p>\n<\/div>\n<\/div>\n<\/div>\n<\/div>\n\n\n\n<div class=\"wp-block-column is-layout-flow wp-block-column-is-layout-flow\">\n<figure class=\"wp-block-image size-large\"><img decoding=\"async\" width=\"1024\" height=\"576\" src=\"https:\/\/casadeloscaracoles.com\/wp-content\/uploads\/2022\/09\/Ubicacion-1024x576.jpg\" alt=\"\" class=\"wp-image-74\" srcset=\"https:\/\/casadeloscaracoles.com\/wp-content\/uploads\/2022\/09\/Ubicacion-1024x576.jpg 1024w, https:\/\/casadeloscaracoles.com\/wp-content\/uploads\/2022\/09\/Ubicacion-300x169.jpg 300w, https:\/\/casadeloscaracoles.com\/wp-content\/uploads\/2022\/09\/Ubicacion-768x432.jpg 768w, https:\/\/casadeloscaracoles.com\/wp-content\/uploads\/2022\/09\/Ubicacion-1536x864.jpg 1536w, https:\/\/casadeloscaracoles.com\/wp-content\/uploads\/2022\/09\/Ubicacion.jpg 1920w\" sizes=\"(max-width: 1024px) 100vw, 1024px\" \/><\/figure>\n\n\n\n<div class=\"wp-block-group is-vertical is-layout-flex wp-container-core-group-is-layout-8 wp-block-group-is-layout-flex\">\n<p class=\"has-black-color has-text-color has-medium-font-size\"><a href=\"#\">Ubicaci\u00f3n<\/a><\/p>\n\n\n\n<p>Estamos ubicados a un costado de la central camionera de Mazatl\u00e1n, a tan solo 3 cuadras del malec\u00f3n (Avenida del Mar). A 5 minutos del acuario caminando. En los alrededores del estudio podr\u00e1n encontrar m\u00faltiples opciones para comida r\u00e1pida. Muy cerca de bancos y centros comerciales.<br><br>A menos de 2 cuadras puedes tomar camiones a cualquier punto de Mazatl\u00e1n.<br><br>Y muy cerca de nuestro hermoso centro hist\u00f3rico (10 minutos en cami\u00f3n).<br><br>La zona es segura.<br><br>Si vas a llegar en autob\u00fas a Mazatl\u00e1n solamente tendr\u00e1s que cruzar la calle.<br><br>Las l\u00edneas de autob\u00fas que llegan a esta central son: Turistar (ETN) ; TAP; \u00d3mnibus de M\u00e9xico; Futura; Chihuhuenses ; Estrella Blanca.<br><br>Tambi\u00e9n puedes tomar un cami\u00f3n para ir a comer el Quelite.<\/p>\n\n\n\n<h3 class=\"wp-block-heading\">C\u00f3mo moverse<\/h3>\n\n\n\n<p>A la playa y al acuario te puedes ir caminando.<br><br>Casi enfrente de la casa se encuentra un sitio de taxis las 24 horas del d\u00eda.<br><br>Para ir al centro el cami\u00f3n pasa en la esquina.<br><br>A menos de 3 cuadras encontraras rutas de camiones para cualquier punto de Mazatl\u00e1n.<br><br>Enfrente de la casa encontraras un estacionamiento de paga.<\/p>\n<\/div>\n<\/div>\n<\/div>\n\n\n\n<h3 class=\"has-large-font-size wp-block-heading\" id=\"inspiro-is-a-digital-product-agency-that-focuses-on-strategy-and-desig\" style=\"font-weight:300\">V\u00eddeo<\/h3>\n\n\n\n<figure class=\"wp-block-embed alignwide is-type-video is-provider-youtube wp-block-embed-youtube wp-embed-aspect-16-9 wp-has-aspect-ratio\"><div class=\"wp-block-embed__wrapper\">\n<iframe title=\"Loft muy cerca de la Playa\" width=\"950\" height=\"534\" src=\"https:\/\/www.youtube.com\/embed\/74IOIMdIfSU?feature=oembed\" frameborder=\"0\" allow=\"accelerometer; autoplay; clipboard-write; encrypted-media; gyroscope; picture-in-picture; web-share\" allowfullscreen><\/iframe>\n<\/div><\/figure>\n\n\n\n<h2 class=\"wp-block-heading\">Reserva ahora.<\/h2>\n\n\n\n<div class=\"airbnb-embed-frame\" data-id=\"667328051499678575\" data-view=\"home\" style=\"width:450px;height:300px;margin:auto\"><a href=\"https:\/\/www.airbnb.mx\/rooms\/667328051499678575?guests=1&amp;adults=1&amp;s=66&amp;source=embed_widget\">Ver en Airbnb<\/a><a href=\"https:\/\/www.airbnb.mx\/rooms\/667328051499678575?guests=1&amp;adults=1&amp;s=66&amp;source=embed_widget\" rel=\"nofollow\">Precioso loft en Mazatlan a unos pasos de la playa<\/a><script async=\"\" src=\"https:\/\/www.airbnb.mx\/embeddable\/airbnb_jssdk\"><\/script><\/div>\n\n\n\n<p><\/p>\n\t\t\t\t\t\t\t\t<\/div>\n\t\t\t\t<\/div>\n\t\t\t\t\t<\/div>\n\t\t<\/div>\n\t\t\t\t\t<\/div>\n\t\t<\/section>\n\t\t\t\t<\/div>\n\t\t","protected":false},"excerpt":{"rendered":"<p>Es un lugar muy agradable y confortable. Loft Precioso estudio perfectamente ubicado, cerca de todo. La playa se encuentra a solo 3 minutos caminando, del acuario a 5 minutos caminando. &hellip; <\/p>\n<p class=\"link-more\"><a href=\"https:\/\/casadeloscaracoles.com\/index.php\/loft\/\" class=\"more-link\">Leer m\u00e1s<span class=\"screen-reader-text\"> \u00abLoft\u00bb<\/span><\/a><\/p>\n","protected":false},"author":1,"featured_media":72,"parent":0,"menu_order":1,"comment_status":"closed","ping_status":"closed","template":"","meta":{"om_disable_all_campaigns":false,"_monsterinsights_skip_tracking":false,"_monsterinsights_sitenote_active":false,"_monsterinsights_sitenote_note":"","_monsterinsights_sitenote_category":0,"ngg_post_thumbnail":0,"footnotes":""},"class_list":["post-7","page","type-page","status-publish","has-post-thumbnail","hentry"],"aioseo_notices":[],"_links":{"self":[{"href":"https:\/\/casadeloscaracoles.com\/index.php\/wp-json\/wp\/v2\/pages\/7","targetHints":{"allow":["GET"]}}],"collection":[{"href":"https:\/\/casadeloscaracoles.com\/index.php\/wp-json\/wp\/v2\/pages"}],"about":[{"href":"https:\/\/casadeloscaracoles.com\/index.php\/wp-json\/wp\/v2\/types\/page"}],"author":[{"embeddable":true,"href":"https:\/\/casadeloscaracoles.com\/index.php\/wp-json\/wp\/v2\/users\/1"}],"replies":[{"embeddable":true,"href":"https:\/\/casadeloscaracoles.com\/index.php\/wp-json\/wp\/v2\/comments?post=7"}],"version-history":[{"count":33,"href":"https:\/\/casadeloscaracoles.com\/index.php\/wp-json\/wp\/v2\/pages\/7\/revisions"}],"predecessor-version":[{"id":597,"href":"https:\/\/casadeloscaracoles.com\/index.php\/wp-json\/wp\/v2\/pages\/7\/revisions\/597"}],"wp:featuredmedia":[{"embeddable":true,"href":"https:\/\/casadeloscaracoles.com\/index.php\/wp-json\/wp\/v2\/media\/72"}],"wp:attachment":[{"href":"https:\/\/casadeloscaracoles.com\/index.php\/wp-json\/wp\/v2\/media?parent=7"}],"curies":[{"name":"wp","href":"https:\/\/api.w.org\/{rel}","templated":true}]}}